 0, -4*v = 2*s - 7*v - 247. List the prime factors of s.
5
Let o = -13 + -7. Let g be (43/2)/((-5)/o). Suppose -5*q + g = -2*f - 7, -2*q + 43 = 5*f. List the prime factors of q.
19
Suppose -2*g - t + 88 = 0, -5*t + 229 = 5*g + 4. Let k = 16 - 16. Let f = g + k. What are the prime factors of f?
43
Let c be 25/(-9) + 10/(-45). What are the prime factors of ((-60)/14)/(c/14)?
2, 5
Let w(a) = -a**3 + 13*a**2 + a - 12. Let m be w(13). Let v(x) = 18*x**3 + 1. What are the prime factors of v(m)?
19
Suppose 36*z + 64242 = 79*z. What are the prime factors of z?
2, 3, 83
Let n(g) = 3*g**2 - 58 - 30*g - g**2 + 14*g + 10. List the prime factors of n(16).
2, 13
Let x(l) = 5*l**2 + 7*l - 15. List the prime factors of x(4).
3, 31
Suppose -5*a + 3 = -6*a, -5*o + a + 1818 = 0. List the prime factors of o.
3, 11
Suppose 0*d - d = 56. Let b be (-2032)/d - (-4)/(-14). Suppose g + 2*g - b = 0. What are the prime factors of g?
2, 3
Suppose p = -6 - 2. Let v = 11 - 6. What are the prime factors of p/5*(-30 + v)?
2, 5
Let v be (-24)/10 - 12/(-30). Let g be (2/7)/(v/(-14)). Suppose 3*z = 2*w - 67, -g*z + 0 = -w + 31. What are the prime factors of w?
41
Suppose 2*y = -2*y + z + 490, 2*y - 234 = -5*z. Let x = y - 23. List the prime factors of x.
3, 11
Let m be -1 - 15*(4 + -5). Let q = m + 12. What are the prime factors of q?
2, 13
Suppose 3*x - 2*x = 76. Suppose 2*o - x = -4*h + 24, -4*h + 5*o = -72. Suppose -2*w + 29 = 3*t - 0*w, h = t + 4*w. List the prime factors of t.
7
Let u(y) = y**2 + 46*y + 6. List the prime factors of u(11).
3, 211
Suppose 3*d = 877 + 230. What are the prime factors of d?
3, 41
Let o(k) = -2*k - 3. Let c be o(16). Let d = c + 37. Suppose -x = d*x - 135. List the prime factors of x.
3, 5
Let q(g) = -7*g + 8. Let s be q(4). Let h = -17 - s. What are the prime factors of h?
3
Let m = -109 - -113. Suppose 4*y = -m*h + 12, -3*y = -2*h - 11 + 37. What are the prime factors of h?
7
Suppose -15*c = -3392 - 8638. List the prime factors of c.
2, 401
Suppose -4*a + 2*z = -3004, 0 = -z + 2*z + 2. List the prime factors of a.
2, 3, 5
Let j(m) = 270*m**2 - 33*m - 11. What are the prime factors of j(-4)?
4441
List the prime factors of 1513/8 - 22/176.
3, 7
Let h be 730*1*(-1)/2. Let r = -133 - h. List the prime factors of r.
2, 29
Let i be (-2 + -4)*(-1)/(-2). Let d be (-2)/(4/90*i). Suppose -d = 2*m - 89. List the prime factors of m.
37
Let v = 479 + -62. What are the prime factors of v?
3, 139
Let n(d) = -d**3 + 17*d**2 + 64*d - 53. What are the prime factors of n(19)?
3, 7
Suppose x - 2*y - 190 = 0, -y - 157 = -5*x + 793. Suppose 5*o = -5*n + 240, -2*n + x = o + 3*o. List the prime factors of o.
47
Let b(w) = -2*w**2 - 5*w + 2. Let d(p) = -p**2 - 2*p + 1. Let z be 28/(-3) + (-9)/(-27). Let o(u) = z*d(u) + 4*b(u). List the prime factors of o(-4).
23
Suppose -290 = -2*f - 5*h, 3*h + 435 = -0*f + 3*f. Let v = f - 58. What are the prime factors of v?
3, 29
Let s be -6*(-3)/(-6) - -3. Suppose s = 5*v - v - 168. What are the prime factors of v?
2, 3, 7
Let q be -2 + 7 + (-6 - -6). Suppose k = 2*n - 112, -q*n - 4*k + 262 = -18. What are the prime factors of (n/(-42))/(2/(-15))?
2, 5
Suppose -30*q = 17*q - 40749. What are the prime factors of q?
3, 17
Suppose 4*v = 5*h - 17 + 62, 2*h + 2 = 0. Let o be (2 - 0)*18/4. Suppose 72 = -o*p + v*p. What are the prime factors of p?
2, 3
Let q(j) be the first derivative of -j**4/4 - 7*j**3/3 + 7*j**2/2 + 2*j - 1. Let c be q(-8). Suppose l + 5 = c. List the prime factors of l.
5
Let y(i) be the second derivative of -24*i**3 + 5*i**2/2 + 9*i. What are the prime factors of y(-1)?
149
Suppose -4*n - 8 = 8. Let l be n + (-5)/(15/(-21)). Suppose l*o - 21 = 2*o. List the prime factors of o.
3, 7
Let l = 206 - -416. What are the prime factors of l?
2, 311
Suppose 4*i + i = w + 127, -2*w + i - 227 = 0. Let h = w + 233. What are the prime factors of h?
11
Let p = -235 + 509. List the prime factors of p.
2, 137
Let m(c) = 33*c + 21. Let d(a) = -a**2 + a + 34. Let g be d(6). List the prime factors of m(g).
3, 17
Let v be 5/(-25) - (-63)/15. Suppose 0 = i + v*i. Suppose i = 3*m - 0*g + 3*g - 57, -m + 4*g = -4. What are the prime factors of m?
2
Suppose -f + 8*o - 6*o + 650 = 0, 4*f - 2652 = -5*o. List the prime factors of f.
2, 7, 47
Let h = 1404 + -622. List the prime factors of h.
2, 17, 23
What are the prime factors of 3/(-1) + 3 + 171?
3, 19
Let k(l) = 46*l**2 - 6*l - 1. Let j(c) = -2*c**3 - 32*c**2 - 1. Let r be j(-16). List the prime factors of k(r).
3, 17
Let j be -10 + -2 + (-6)/(-2). Let h be ((-3)/j)/((-5)/(-165)). Let k(t) = 6*t - 16. List the prime factors of k(h).
2, 5
Let o(p) = 20*p + 3. Let l = 17 - 12. List the prime factors of o(l).
103
Let q(u) = -12*u - 39*u + 0 + 10*u + 4. List the prime factors of q(-5).
11, 19
Let g(u) = 3*u**3 + 2*u**2 - 6*u + 6. Let t be g(7). Suppose -9*b - 371 = -t. What are the prime factors of b?
2, 5
Suppose -m + 4*o + 3545 = 0, -m + 3*o + 3641 - 93 = 0. What are the prime factors of m?
3557
Let u = 506 + -98. List the prime factors of u.
2, 3, 17
Let m(u) be the third derivative of u**5/30 + u**4/12 - 5*u**3/6 - 6*u**2. Let v be m(5). Suppose 0 = 2*i + 3*i - v. What are the prime factors of i?
11
Let a = 14 - 10. Suppose 3*c + 94 = o, -8 = -a*c + 2*c. List the prime factors of o.
2, 53
Let o = 149 + -38. Suppose 3*r - 3*a = o, -r + 2*a + 20 = -14. List the prime factors of r.
2, 5
Let m be (3 - 15/6)*-4. Let h be 71 - 0/((-6)/m). Suppose -2*f = -4 - 2, -4*l + h = -3*f. What are the prime factors of l?
2, 5
Let o(s) = -s**2 - 12*s + 15. Let q(l) = 4*l + 11. Let g be q(-6). Let a be o(g). Suppose a*c - 68 = -0*c. List the prime factors of c.
2, 17
Let y = 27 + -49. Let a = 103 + y. List the prime factors of a.
3
Let v be (-8050)/(-23) - -2*(0 - 1). Suppose v = -3*i + 7*i. List the prime factors of i.
3, 29
Let w = -39 + 42. Suppose -w*m + 3*i + i + 137 = 0, 3*i = 3. What are the prime factors of m?
47
Let w(n) = -46*n - 700. List the prime factors of w(-60).
2, 5, 103
Let j = 8 - 6. Suppose c - j = 3*c, 2*m - 69 = -c. Suppose -3*g + m = 2*g. What are the prime factors of g?
7
Let i = 51 - -262. Let m = i + -106. What are the prime factors of m?
3, 23
Let c(u) = 69*u**2 - 44*u - 228. List the prime factors of c(-5).
17, 101
Suppose -y = 3*j - 369, 2*y - 5*j = -454 + 1203. List the prime factors of y.
2, 3, 31
Let r(j) = 26*j**2 + 67*j - 404. List the prime factors of r(7).
13, 103
Suppose 0 = 5*d - 4*g - 8253, 33*g - 36*g = 3*d - 4941. What are the prime factors of d?
17, 97
Let l = 10 + -8. Suppose -7 - 3 = l*a. What are the prime factors of a/15*-2*51?
2, 17
Let i(j) = 90 - 6*j - 47 - 51. What are the prime factors of i(-18)?
2, 5
Suppose b = 2*b + 36. Let g = 52 + -47. Let q = g - b. List the prime factors of q.
41
Let a = 656 - 94. What are the prime factors of a?
2, 281
Let d(p) = 81 - 86 - 6*p + p**2 + 3*p. Let z(u) = u**3 + 2*u**2 + 2*u + 1. Let b be z(-2). List the prime factors of d(b).
13
Suppose 4*c - w = -31, -3*c - 2*c - 5*w - 20 = 0. Let u(k) = 2*k**2 + k - 7. What are the prime factors of u(c)?
2, 3, 7
Suppose 84 - 208 = -2*v - 3*t, -4*t = 0. What are the prime factors of v?
2, 31
Suppose 3 = h + c - 4*c, 2*c - 32 = -5*h. Suppose i - 342 = h*j - 8*j, -5*j + 855 = -3*i. What are the prime factors of j?
3, 19
Let n be 1/2*6*1. Suppose n*m = 2*q - 3*q, m = 0. Suppose -3*k + 7 + 44 = q. What are the prime factors of k?
17
Let b(r) = -r**3 + 3*r**3 - 4 - r**2 - 3*r**3 + 3. List the prime factors of b(-6).
179
Let y(q) = 8*q + 48. Let i be y(19). Suppose -8*w + 13*w = i. What are the prime factors of w?
2, 5
Suppose -15*c + 16*c = -5*b + 2625, 5*c - 2*b = 13179. What are the prime factors of c?
5, 17, 31
Suppose 6*w - 5*w - 2 = 0. Suppose -3*v + 13 = -w*v. Let n = v + -7. What are the prime factors of n?
2, 3
Let u be -2 - (20*-2)/2. Let g be (315/84)/((-6)/16). Let d = g + u. What are the prime factors of d?
2
Suppose 102 = 2*b + 4*w, 52 = b + 2*w - w. Let d = b + -25. List the prime factors of d.
2, 7
Let t be 6/9 - 186/9. Let j = -16 - t. Suppose 2*w + j*a - 28 = 0, -a = -4*a - 15. What are the prime factors of w?
2, 3
Suppose u = -3*f + 1295, -4*f = -0*f + 3*u - 1720. List the prime factors of f.
433
Let x(y) = -12*y**3 - 3*y**2 + 6*y + 50. List the prime factors of x(-5).
5